divided by 12.
9
Let k(w) = -6*w**2 - 5*w + 4. Let g be k(-4). Let b = -42 - g. Calculate the remainder when b is divided by 11.
8
Let n be (5/2)/(1/10). Let u = n - 8. Calculate the remainder when (-2)/7 + (-1035)/(-21) is divided by u.
15
Let t(l) = 15*l**2. Let s be t(1). Suppose -s*d + 16*d = 8. Calculate the remainder when 31 is divided by d.
7
Let j(t) = t + 22. Calculate the remainder when 96 is divided by j(11).
30
Suppose 2*l = 11*l - 117. Calculate the remainder when 46 is divided by l.
7
Suppose -4*f + 4*h + 210 = 6*h, -190 = -4*f + 2*h. Suppose 4*a + 5*p + 0 = 78, 5*a - 83 = p. What is the remainder when f is divided by a?
16
Suppose 7 + 0 = g. Let c(f) = 5*f - 8. Suppose 3*a + 2*z - 42 = 0, 2*z + 70 = 5*a + 5*z. Calculate the remainder when c(g) is divided by a.
13
Let q(o) = o**3 - 7*o**2 + 9*o - 19. Calculate the remainder when q(7) is divided by 12.
8
Suppose -5*k = -5*o - 250, -4*k - k = 4*o - 214. Let h = 5 + -2. Suppose -h*p - 4 = -k. What is the remainder when 41 is divided by p?
13
What is the remainder when 45 is divided by 33/77 + 165/7?
21
Calculate the remainder when 67 is divided by (-230)/(-15)*6/4.
21
Suppose 2*u + 0*u = -40. Let i = -13 - u. Calculate the remainder when 27 is divided by i.
6
Let s(f) = f**3 + 9*f**2 + 9*f - 3. Let l be s(-8). Let c = -19 - l. Calculate the remainder when 29 is divided by ((-20)/(-8))/((-2)/c).
9
Suppose 0 = r - 6. Suppose -5*v = a - 25, 0 = -2*v + 5*v + 5*a - 37. What is the remainder when r is divided by v?
2
Let a(z) = -2 - 33*z + 9*z - 42*z. Calculate the remainder when a(-2) is divided by 33.
31
Let i(l) = l**3 + 2*l**2 - 8*l + 1. Calculate the remainder when i(6) is divided by 61.
58
Suppose l = 0, -h + l + 47 = 5*l. What is the remainder when h is divided by 141/12 - 2/(-8)?
11
Suppose j - 10 = 2. Calculate the remainder when (-123)/(-6) + 5/10 is divided by j.
9
Let r(j) = -j**2 + 6*j + 1. Suppose -4*h - h + 80 = 0. Calculate the remainder when h is divided by r(5).
4
Let l(h) = h + 0 + 4 + 9. Calculate the remainder when 71 is divided by l(11).
23
Suppose -22 = -5*x + 3*x + 4*o, 26 = 3*x + o. Let c = -47 + 17. Let m = 56 + c. What is the remainder when m is divided by x?
8
Let m(r) = r + 8. Let x be m(0). Let q = 15 - x. What is the remainder when q is divided by 4?
3
Suppose -a + 3*a - 26 = 0. What is the remainder when a is divided by 7?
6
Suppose 3*o = 4*b + 17 + 5, 0 = -2*o + 4*b + 16. Let f = o - 4. What is the remainder when -1 + (-3)/(-3) + f is divided by 2?
0
Let d be 3/((-18)/15)*-2. Suppose 26 = 2*x - c - 61, -d*x + 228 = c. Calculate the remainder when x is divided by 23.
22
Suppose 2*q - 490 = -3*q. Calculate the remainder when q is divided by 20.
18
Let k(l) = l**2 + 9*l - 15. Let f = 28 - 15. Calculate the remainder when f is divided by k(-11).
6
Suppose 78 = 2*h - g + 26, -78 = -3*h - 3*g. Calculate the remainder when 101 is divided by h.
23
Let o(p) = -9*p. Let s be o(-3). Let m = 54 - s. Calculate the remainder when 53 is divided by m.
26
Let m be (-4)/6*(-27)/(-3). Let n(y) = -6*y + 6. Calculate the remainder when n(m) is divided by 11.
9
Suppose 105 = 5*r + 4*l, 2*l + 3*l - 8 = r. Suppose 2*t + 22 = 2*i - 2*t, 2*i + 3*t = 36. Let f = -6 + i. Calculate the remainder when r is divided by f.
8
Let n(t) = -t**2 + 3*t + 1. Let g be n(3). Suppose 5 + 5 = 5*o, -10 = -z - 4*o. Let l = z - g. Calculate the remainder when 1 is divided by l.
0
Let d be ((-24)/(-20))/((-6)/(-15)). Suppose -2*z + 4 = 2*w, -4*w - 5*z = -3 - d. Suppose -25 = -9*x + w*x. Calculate the remainder when 8 is divided by x.
3
Let t(p) = 5*p**2 - 2*p - 4. What is the remainder when t(-3) is divided by 40/(-3)*6/(-5)?
15
Suppose b + b = 24. Calculate the remainder when 7/(-21)*(-100 - (-2 - -4)) is divided by b.
10
Let g(x) = -2*x**3 + 7*x**2 + 6*x. What is the remainder when 37 is divided by g(4)?
5
Let p be (-386)/6 - (-1)/3. Calculate the remainder when 61 is divided by (-15)/(-10)*p/(-6).
13
Let x(t) = t**2 - 12*t + 2. Let j be x(12). Suppose 0*y + j*y - 54 = 0. What is the remainder when y is divided by 14?
13
Suppose 17*t = -4*t + 294. Calculate the remainder when 17 is divided by t.
3
Let h(p) = -2*p**2 + p + 5. Suppose 4*s = -2*v + 80, s - 3*v + 44 = 3*s. What is the remainder when s is divided by h(0)?
4
Suppose 5*r - 140 = 45. Let t = r - 26. Suppose g - 44 = -2. Calculate the remainder when g is divided by t.
9
Let g = -67 + 84. Calculate the remainder when 49 is divided by g.
15
Let x be (28 - 1) + (-2)/2. Let m = x - 14. Calculate the remainder when 34 is divided by m.
10
Let t(z) = -z**3 - 4*z**2 - 3*z + 1. Let m be t(-3). Let l = 2 + m. Suppose l = 3*i, i - 2*i + 55 = 3*y. What is the remainder when y is divided by 10?
8
Let s be 24 - (-4 - (-2 - 1)). Suppose s = -4*x + 129. Calculate the remainder when 102 is divided by x.
24
Let f = -26 + 42. Let y = -41 - -71. Calculate the remainder when y is divided by f.
14
Suppose 3*x = 56 - 14. What is the remainder when 53 is divided by x?
11
Let s(f) = 25*f**2 - 1. Let j be s(-1). Suppose 3*d + j = 6. Let t(a) = -a**3 - 5*a**2 + 2*a - 2. Calculate the remainder when t(d) is divided by 6.
4
Let y(g) = g**2. Let f be y(1). Let l be (-18)/f*(-3)/9. Suppose -l - 18 = -3*a. Calculate the remainder when 15 is divided by a.
7
Suppose 51 = 3*c - g - 15, 4*g + 75 = 3*c. What is the remainder when 41 is divided by c?
20
Suppose -r - 3*k = 33, 2*r - k + 21 = -31. Let h = 44 + r. Calculate the remainder when 49 is divided by h.
15
Suppose 7*f = 3*f + 48. Let l(y) = -y**3 - 7*y**2 + 9. Let o be l(-8). Suppose -2*c + 19 = -o. Calculate the remainder when c is divided by f.
10
Calculate the remainder when (-1)/5 + (-768)/(-40) is divided by 8.
3
Let n = -1 - 1. Let g = 3 - n. Suppose -42 = 2*u - g*u. What is the remainder when 40 is divided by u?
12
Let c be -4*1 + (-2)/2. Let z(m) = -2*m**2 + 4*m - 5. Let x be z(c). What is the remainder when 14 is divided by 4/(-6)*x/10?
4
What is the remainder when 71 is divided by (-387)/(-21) + (-12)/28?
17
Let c be -6*((0 - -11) + 0). Let x = -40 - c. Let p = x + -11. Calculate the remainder when 28 is divided by p.
13
Let g = -49 + 61. What is the remainder when 21 is divided by g?
9
Calculate the remainder when 3/2*(-4)/8*-76 is divided by 15.
12
Suppose -g + 24 = -4*u, -3*u - 15 = -3*g + 3. Let p = u - -20. What is the remainder when 41 is divided by p?
13
Suppose 3*r + 2397 = -1467. Let f be r/(-36) - (-4)/18. Let x = f + -23. Calculate the remainder when x is divided by 5.
3
Suppose -3*g = 2*w - 56, -g - 5*w + 90 = 4*g. Calculate the remainder when g is divided by 33/2*(-44)/(-66).
9
Let j(l) = l**3 + 6*l**2 - 9*l + 10. Calculate the remainder when 71 is divided by j(-7).
23
Let i(n) be the first derivative of n**3/3 + 2. Let k(q) = 16*q**2 + 1. Let p(f) = -3*i(f) + k(f). Calculate the remainder when 26 is divided by p(-1).
12
Suppose 3*o - 17 = 55. Suppose 0 = f + 4*m - o, -3*f + 33 = m - 17. What is the remainder when f is divided by 9?
7
Let t(u) = u**2 - 5*u - 8. Let c be t(6). Let i = -13 + 28. Calculate the remainder when 0 + c + 1 + 44 is divided by i.
13
Let k = -148 - -179. What is the remainder when 91 is divided by k?
29
Suppose 35 = 2*i - 1. Calculate the remainder when 914/i + (-12)/(-54) is divided by 13.
12
Suppose 4*n + 25 = 5*z - 70, -2*n + 33 = z. Suppose 85 = -3*s - z. Let m = s + 65. What is the remainder when m is divided by 10?
9
Suppose -3*s - 135 = -6*s + j, 3*s - 123 = -3*j. Let c = 25 - 10. What is the remainder when s is divided by c?
14
Let v(b) = -3*b**3 + 35*b**2 + 14*b - 7. Suppose -50 = -i - 19. Calculate the remainder when i is divided by v(12).
14
Suppose 0*h - 47 = -4*a - 5*h, 0 = 5*h + 25. What is the remainder when 35 is divided by a?
17
Let g = 27 + 33. What is the remainder when g is divided by 21?
18
Let o be (-2)/9 + 1160/36. Let n = o + -17. Calculate the remainder when n is divided by 6.
3
Suppose 3*v - 2*u - 1 = 0, -4*v = -u + 3*u - 20. Suppose 0 = s - v. Let r = 5 - s. Calculate the remainder when 3 is divided by r.
1
Let h(r) = 4*r**2 + 7*r + 6. What is the remainder when h(-5) is divided by 18?
17
Let m(p) = 6*p**2 + p + 2. Suppose 0*t + 10 = -5*t. Suppose -5*h - 1 = -z + 17, 0 = -3*h - 3. Calculate the remainder when m(t) is divided by z.
11
Calculate the